emainder when 51892343 is divided by 72.
71
Calculate the remainder when 81038 is divided by 22.
12
What is the remainder when 6814488 is divided by 2271491?
15
What is the remainder when 76226 is divided by 19036?
82
Calculate the remainder when 152149 is divided by 1170.
49
What is the remainder when 219627 is divided by 2889?
63
Calculate the remainder when 110762 is divided by 2350.
312
Calculate the remainder when 4855781 is divided by 36785.
161
Calculate the remainder when 202308 is divided by 600.
108
Calculate the remainder when 211056 is divided by 124.
8
Calculate the remainder when 150857865 is divided by 273.
249
What is the remainder when 1191588 is divided by 595784?
20
Calculate the remainder when 448751138 is divided by 57.
56
Calculate the remainder when 55656706 is divided by 1011940.
6
Calculate the remainder when 1338094 is divided by 554.
184
Calculate the remainder when 3216360 is divided by 1072102.
54
What is the remainder when 331567 is divided by 913?
148
What is the remainder when 374936 is divided by 93688?
184
Calculate the remainder when 40585 is divided by 24.
1
Calculate the remainder when 12743483 is divided by 20357.
1
What is the remainder when 313120 is divided by 13033?
328
Calculate the remainder when 354257 is divided by 1054.
113
Calculate the remainder when 6484232 is divided by 797.
637
Calculate the remainder when 832936101 is divided by 36.
33
What is the remainder when 300061 is divided by 2399?
186
Calculate the remainder when 246887 is divided by 234.
17
What is the remainder when 9193049 is divided by 27?
8
Calculate the remainder when 1663016 is divided by 417.
20
What is the remainder when 49588 is divided by 370?
8
Calculate the remainder when 10815747 is divided by 1710.
1707
Calculate the remainder when 2310176 is divided by 192481.
404
What is the remainder when 11797865 is divided by 36079?
32
What is the remainder when 453743 is divided by 10294?
807
What is the remainder when 48454 is divided by 3228?
34
Calculate the remainder when 470934 is divided by 10943.
385
Calculate the remainder when 579000 is divided by 192065.
2805
What is the remainder when 30405289 is divided by 96832?
41
Calculate the remainder when 4158246 is divided by 297015.
36
What is the remainder when 1961227 is divided by 217914?
1
What is the remainder when 806838 is divided by 2266?
142
What is the remainder when 61484 is divided by 381?
143
What is the remainder when 16490306 is divided by 134?
132
Calculate the remainder when 517921 is divided by 390.
1
What is the remainder when 46389332 is divided by 114?
110
What is the remainder when 244348 is divided by 34901?
41
What is the remainder when 765728 is divided by 1413?
1295
Calculate the remainder when 204966 is divided by 204776.
190
Calculate the remainder when 13010513 is divided by 35.
33
What is the remainder when 927039 is divided by 61800?
39
What is the remainder when 741131 is divided by 161?
48
Calculate the remainder when 1750673 is divided by 291775.
23
What is the remainder when 288730 is divided by 911?
854
What is the remainder when 84951 is divided by 125?
76
Calculate the remainder when 148205 is divided by 35205.
7385
Calculate the remainder when 7809105 is divided by 8572.
13
Calculate the remainder when 128102 is divided by 15960.
422
What is the remainder when 13996334 is divided by 163?
13
What is the remainder when 472061 is divided by 1691?
272
What is the remainder when 20087113 is divided by 218?
157
What is the remainder when 16642 is divided by 201?
160
Calculate the remainder when 302459 is divided by 60481.
54
What is the remainder when 19429 is divided by 9117?
1195
What is the remainder when 326946 is divided by 375?
321
Calculate the remainder when 946284 is divided by 315422.
18
Calculate the remainder when 13936 is divided by 4765.
4406
What is the remainder when 2593546 is divided by 7106?
6962
Calculate the remainder when 253235 is divided by 253142.
93
What is the remainder when 122291256 is divided by 40763744?
24
What is the remainder when 54881 is divided by 7807?
232
Calculate the remainder when 51119317 is divided by 14.
11
Calculate the remainder when 4708 is divided by 2308.
92
Calculate the remainder when 120280 is divided by 56932.
6416
What is the remainder when 18499542 is divided by 287?
96
Calculate the remainder when 7119 is divided by 207.
81
Calculate the remainder when 66258852 is divided by 168.
156
Calculate the remainder when 1237725 is divided by 2056.
13
What is the remainder when 350057 is divided by 1211?
78
Calculate the remainder when 362555 is divided by 118925.
5780
What is the remainder when 19771 is divided by 2415?
451
Calculate the remainder when 6441 is divided by 450.
141
What is the remainder when 268068 is divided by 175?
143
Calculate the remainder when 68801696 is divided by 702058.
12
Calculate the remainder when 1256490 is divided by 7.
4
Calculate the remainder when 2333027 is divided by 243.
227
What is the remainder when 16457416 is divided by 748064?
8
What is the remainder when 803619 is divided by 854?
5
What is the remainder when 129208 is divided by 7150?
508
Calculate the remainder when 156495 is divided by 2520.
255
Calculate the remainder when 745362414 is divided by 244.
242
Calculate the remainder when 14681206 is divided by 112932.
46
What is the remainder when 3406684 is divided by 3406663?
21
Calculate the remainder when 10022828 is divided by 668188.
8
What is the remainder when 1566883 is divided by 12342?
11791
Calculate the remainder when 10737507 is divided by 111849.
3
Calculate the remainder when 4672 is divided by 1069.
396
What is the remainder when 13523347 is divided by 1690418?
3
Calculate the remainder when 979372 is divided by 295.
267
What is the remainder when 101314 is divided by 3?
1
Calculate the remainder when 7311926 is divided by 91399.
6
Calculate the remainder when 72483976 is divided by 496.
24
What is the remainder when 214434 is divided by 1357?
28
What is the remainder when 1102161 is divided by 14502?
9
What is the remainder when 5371858 is divided by 130?
128
What is the remainder when 292477 is divided by 1746?
895
What is the remainder when 60608 is divided by 2082?
230
What is the remainder when 1207993 is divided by 35525?
143
What is the remainder when 20215594 is divided by 6738530?
4
Calculate the remainder when 29250 is divided by 95.
85
What is the remainder when 996320 is divided by 132?
116
What is the remainder when 705509 is divided by 15310?
1249
What is the remainder when 7632475 is divided by 421?
166
Calculate the remainder when 21023306 is divided by 956.
866
What is the remainder when 6609799 is divided by 641?
448
What is the remainder when 4405051 is divided by 1506?
1
Calculate the remainder when 535535 is divided by 133864.
79
What is the remainder when 25485800 is divided by 24365?
10
What is the remainder when 1068927 is divided by 270?
267
Calculate the remainder when 454487 is divided by 18176.
87
Calculate the remainder when 46824903 is divided by 2026.
2017
What is the remainder when 12770567 is divided by 4256846?
29
What is the remainder when 20622 is divided by 271?
26
What is the remainder when 4820690 is divided by 37?
34
What is the remainder when 10979983 is divided by 738?
19
Calculate the remainder when 8238 is divided by 1561.
433
What is the remainder when 14755351 is divided by 86?
73
Calculate the remainder when 306306841 is divided by 141.
133
Calculate the remainder when 120319301 is divided by 28.
25
Calculate the remainder when 797305 is divided by 66.
25
Calculate the remainder when 636315 is divided by 833.
736
What is the remainder when 514255 is divided by 171337?
244
What is the remainder when 18446 is divided by 3583?
531
What is the remainder when 1479005 is divided by 739283?
439
Calculate the remainder when 2193 is divided by 1056.
81
What is the remainder when 329030 is divided by 15605?
1325
Calculate the remainder when 12975 is divided by 3239.
19
What is the remainder when 136478534 is divided by 56?
38
What is the remainder when 558403 is divided by 38?
31
What is the remainder when 60908588 is divided by 29?
4
What is the remainder when 117352 is divided by 29331?
28
Calcu